 -42.
26
879 + -870 + -24 + 0
-15
What is the value of 6 + 14 + -20 + -2 + (1 - -7)?
6
1 + (-6 - -9) - (-1 + -3 - 0)
8
Calculate -9 + (4 - -3 - 7) + -2.
-11
What is -23 - (21 + 0 + -32)?
-12
What is (-45 - -77) + (3 - (3 + 1 - -1))?
30
Evaluate -4 + 2 - -4 - (1 + 12).
-11
Calculate (-10 - (-10 + 7 + 3)) + 25.
15
6 + (-8 + -1 + (10 - -1) - -6)
14
7 + -36 + 6 + 5 + -7
-25
Calculate -2 - -2 - ((4 - 0) + (-12 - 7)).
15
Calculate (0 - (0 - -1)) + (14 + -8 - 4).
1
What is (-8 - ((10 + -3 - 3) + -10)) + 27?
25
(7 - 17) + (6 - 0) + -1
-5
-11 + 3 + -1 + (-6 - (0 + -2))
-13
What is 0 + -8 - (13 + -1 + -13 + -6)?
-1
(-12 - -10) + 9 + -15 - -12
4
What is the value of (-10 + 19 - (0 - (0 - 2))) + 3?
10
What is -7 - 0 - (7 - (19 - (13 + -1)))?
-7
36 - 33 - -21 - 34
-10
Evaluate -2 + 1 - ((-6 - -3) + -10 - -16).
-4
What is -15 - (48 - 20 - 35)?
-8
What is -8 - (-16 - (-29 + 24))?
3
-25 + (26 - (-11 - -28))
-16
What is the value of -36 + (-40 - -80) - (0 + -9)?
13
What is the value of 18 + 1 + -9 + -5 + 30 + -10?
25
3 + (-4 - 2 - 6 - -10)
1
What is the value of (9 - (16 - (6 + -2) - 4)) + 6?
7
-17 - 1 - (-219 - -182)
19
What is the value of -1 + 5 + (-6 - -5) + 68 + -66?
5
Calculate 1 + 4 + 3 + 59 + -51.
16
Calculate 1 - (-17 + 1 + 0 - (-155 - -148)).
10
What is the value of 7481 + -7484 + -1 + 0 + -28?
-32
What is the value of (3 - 3) + -3 + -6 + 5 + 2?
-2
What is the value of 8 + -18 + 2 - -12?
4
What is the value of 73 - 40 - (3 + 8)?
22
(11 - 3) + -6 + (-6 - 9) + 2
-11
Evaluate (-6 - -17) + -10 + -12 + -1 + 0.
-12
-1 + 3 - ((16 + -28 - -14) + -6)
6
Calculate -59 + 48 - (-11 - -1) - (-39 + 7).
31
What is the value of -16 + (27 - 8) - -9?
12
Calculate 1 + -10 - (10 + 1 + -11).
-9
(14 - -4) + (-4 - 1) + 1
14
Calculate 7 + -1 + (-7 - 6) + 7 + -4.
-4
What is the value of (7 + -19 - -3) + -4?
-13
Evaluate (1 - -4 - (-39 + 40)) + 11 + 3.
18
-25 - (-17 + 14 + -8)
-14
Calculate 179 - 168 - (-2 - 0).
13
What is 2 + (-1 + 1 - (27 + 12 + -28))?
-9
Calculate -13 - (-10 + -9 + 11 - -22).
-27
Evaluate 10 + (5 + -14 - 7).
-6
What is the value of 3 + -11 + -3 + (-78 - -70)?
-19
What is 1 - (14 + -4) - (-75 - -84)?
-18
Evaluate -7 + (13 - 18) + 25.
13
What is 4 + -20 + 2 + (-7 + 5 - -4)?
-12
(-3 - 1 - 2) + 12 + (-18 - -10)
-2
Calculate 22 - 11 - (11 + (-16 - -1)).
15
11 + -8 - (-2 + (2 - -2))
1
What is 25 - ((-18 - -34) + -8) - 3?
14
Calculate 2 - -1 - 13 - (-13 + 13).
-10
What is -1 - (8 + -2 - -2) - -4?
-5
7 + -25 + 33 + -6
9
What is (-460 - -434) + (-1 - -37)?
10
27 + -25 + (5 - (-4 - -1)) + 1
11
What is (-6 + -6 - -3) + 18?
9
-3 - -3 - (-2 + 14 + -9)
-3
Calculate 3 + -3 + (15 - 12) + -4 + -2.
-3
-20 + (19 - 0) - -24
23
3 + -2 + -1 - (267 + -270)
3
What is -2 + (-17 - -31 - 19)?
-7
Evaluate (49 - 43 - (27 - 0)) + -2.
-23
What is the value of -9 + -2 - (62 + -47) - -8?
-18
Calculate (-18 - -18) + 0 + -3 + -2 - -13.
8
Evaluate (-5 + 17 - 10) + (-5 - 2 - 1).
-6
Calculate (-1 + 2 - -5) + (-53 - -84) + -12.
25
What is the value of -29 - (41 + 6 + -36)?
-40
What is (-90 - -88) + -3 + -10?
-15
Evaluate -6 + 1 + 0 + (212 - 208) + 13.
12
What is (0 - (18 - 7)) + 16?
5
Evaluate 17 - (3 - -5 - 7) - (10 + -16).
22
What is the value of 8 + -8 + (-7 - (0 - 5)) + 13?
11
Evaluate -40 + 28 + (9 - 0) - -14.
11
(67 + -6 - 21) + -31
9
Calculate (4 - 1) + 7 + 4.
14
0 - 9 - (-11 + 10 + -9)
1
Calculate 11 - ((-8 + 7 - (-9 - -7)) + 7).
3
-1 + -5 + (-7 + 6 - -3)
-4
Calculate 1 - (20 + (-9 - 15) - (-1 + 8)).
12
What is -3 + 6 + -4 + -3 + -1?
-5
-37 - (-35 - (-19 - 3))
-24
What is 12 + 17 - 2 - 19?
8
What is 416 + -422 + (0 - -1) + 0 - -20?
15
(-7 - (-2 + -5 + 8) - -15) + 28
35
(5 - 7) + (19 - 23) + 3
-3
-15 + 20 - (0 - 17 - (-1 + -1))
20
What is 3 + 2 - (-9 - (12 - (19 + -6)))?
13
Evaluate -16 + -29 + 4 + 15.
-26
What is the value of -3 + -7 + 16 + 6?
12
What is (-5 - 2) + 18 - (-2 - (1 + -2))?
12
What is the value of (-2 - 2) + (41 - 33) + -1?
3
What is the value of -38 + (2 - -29) - 19?
-26
What is the value of 2 - 0 - ((-10 - -8) + 11)?
-7
Evaluate -2 - (-3 + (-2 - 1)) - (8 + 7).
-11
Calculate 22 - -2 - ((15 - 1) + 33 + -38).
15
2 - 1 - (-8 + (-6 - 0) + 7)
8
-6 - (3 + -17) - 7
1
What is -83 + 56 - ((-5 - 5) + (4 - 1))?
-20
What is the value of 8 - (3 - (-6 + 8)) - 11?
-4
-2 + 11 + -1 - -7
15
What is the value of -79 + (40 + -3 - -6)?
-36
Calculate 11 - (17 + (10 + -12 - (-4 - -11))).
3
11 - (14 - 12) - 8 - (0 + -6)
7
Calculate 68 + -19 + -21 + 4.
32
6 - (6 + (0 - -4)) - -2
-2
What is the value of (1 - (1 - -3) - -7 - 9) + -4?
-9
What is the value of 4 - ((-27 - -10) + (2 - (0 + -2)))?
17
What is (0 + -10 - -2) + -27 + 32 + -12?
-15
What is the value of -6 - (-20 + 8) - (-3 - (13 + -1))?
21
(65 - 67) + -16 + 1 - (0 + -3)
-14
0 + 6 + 3 + -6 + -4 + -12
-13
-8 + (-59 + 43 - (4 - 2))
-26
Calculate (10 + -31 - -10) + 2 + 1.
-8
What is -7 + -24 + 2 - -18?
-11
What is -21 - (-4 - 4) - -5?
-8
What is (15 - 1 - (107 + -87)) + (0 - -14)?
8
Evaluate 324 + -337 - (-17 + -1).
5
What is the value of 27 + -13 + -8 + -3?
3
Evaluate 77 + -33 - 55 - -15.
4
Evaluate (39 + -5 - 20) + -5 + 1 + -1.
9
What is the value of (18 - -9) + -27 - (-9 + 2)?
7
What is 5 + (35 + -10 - 43)?
-13
Evaluate -50 + -47 + 84 + 7 + (1 - 0).
-5
(3 - (10 - 15 - -10)) + 18
16
What is the value of -16 - (37 - (-3 + 39))?
-17
(-7 - 10) + 11 + -6
-12
(7 - (-2 + 3)) + (6 - 16) + 12
8
What is 0 - (14 - (4 + -1))?
-11
What is the value of -4 + (-2 - (0 + -6 - (38 - 46)))?
-8
What is the value of (-8 + 3 + (-3 - -23) - 7) + -5?
3
Evaluate (0 - 10) + 41 + (-23 - -10).
18
What is 23 - 17 - (0 + 6 + -6 + 2)?
4
130 + -115 + (0 - -9) - 6
18
What is -10 - (17 - 2) - (-18 + 11)?
-18
What is -70 + 92 + (-2 - (-3 + 6)) + 3?
20
What is the value of -29 + (-4 - -46) + -21?
-8
Calculate -1 + 7 + -17 + -9.
-20
Calculate -23 - (-61 + 16 + 25).
-3
What is the value of -2 + (8 - (2 - (6 - 13)))?
-3
Calculate 42 - (30 + 12) - (-1 + (-1 - 0)).
2
What is the value of -60 + 26 + 14 - -2?
-18
What is the value of 3 + -5 + 4 + 4 + -11?
-5
Evaluate (1 - (8 + (-1 + -5 - 1))) + 5.
5
(-5 - -23) + -44 + -3 + (-11 - -5)
-35
What is the value of (24 - 13 - 10) + 1?
2
What is the value of 0 - 0 - ((15 - -2) + -1)?
-16
What is 1 - -22 - (-15 + -38 + 25 + 25)?
26
1 + 21 + 210 + -215
17
-18 + (6 - 14) + -7 + 15 - -8
-10
-2 + -20 + (-437 - -454)
-5
What is -47 - (1 + -67 + 20)?
-1
What is -25 - (-39 + 10) - 8?
-4
(2 + -4 - -1 - 12) + -2 + 8
-7
Evaluate 0 - 0 - (-16 - (24 - 59)).
-19
What is the value of (-8 - (9 + -22)) + -10 + 6?
1
What is the value of -50 + 52 - (4 + -9 - -4 - -9)?
-6
Calculate 4 - (-1 + 18 + -47 + 46) - 9.
-21
What is the value of -9 - (1 + 7 + (47 + -15 - 11))?
-38
-2 + 17 + 34 + -39
10
What is 23 + -18 + (-23 + 16 - -18)?
16
What is the value of -11 + 21 + -9 - 20 - (-4 - -1)?
-16
What is 3 - ((-3 - 0) + 1 + -7 + 1)?
11
Calculate 5 + (-28 - -10) - -3 - -11.
1
What is (-7 - 7 - 6) + 20?
0
2 - 4 - -12 - (-1 - -6)
5
Evaluate -45 + 1 + (28 - (-5 + 12) - 12).
-35
Evaluate (1 - (-24 + 43)) + 20.
2
-32 + -9 - (2 - 32)
-11
(-2883 - -2902) + (0 - 1) + 0
18
What is (1 - -17) + -2 + 9 + -9 + -6?
10
What is -7 + (15 - (-8 + 8 - -2))?
6
Evaluate -4 + -20 - (2 - (3 + 0 + 6)).
-17
0 + -4 - (-200 + 195)
1
What is (10 + -16 - -3 - 0) + -7?
-10
What is -10 + (25 - -4) + (38 - 56)?
1
Calculate -40 + 21 + 2 + 4.
-13
Evaluate -1 - -7 - (30 - 15) - -6.
-3
Calculate (-21 - -4) + (64 - 50).
-3
What is (2 - -1) + 33 + -39 + 12?
9
What is the value of -27 + 5 - (8 + -6 - 11)?
-13
What is 35 + (-1 - 1) + -34 + 24?
23
What is 9 - (2 + -7 - -6)?
8
Evaluate 2 + 16 + 2 + -2 + (-10 - -8).
16
What is -2 + -3 + -28 + 31 + -4 + 1?
-5
(0 - (-6 - -6)) + -2 + -11
-13
What is the value of -57 + 38 - (-7 - 6)?
-6
Evaluate 5 + 9 + -19 + (24 - 27).
-8
What is 2 - (32 - 13) - (-3 + (6 - 3))?
-17
What is 14 + -12 + 11 + -19?
-6
Calculate -2 + -3 + (4 - -10).
9
-4 + -6 + (16 - 8) + (1 - 4)
-5
What is the value of 23 + 22 + -38 + -11 + -1?
-5
-2 + 9 + (7 - (-3 + -1)) - -4
22
Calculate 1 + 10 + -12 + 0 + 1 + 15.
15
What is the value of 2830 + -2821 + (0 + -1 - (2 - 1))?
7
Evaluate -2 - (-12 - -11 - 0) - 13.
-14
What is -74 + 24 + 11 + 8?
-31
What is -4 + 55 + -22 + -21?
8
5 - 11 - -1 - (-20 - -3)
12
Evaluate -10 + 21 + 7 - (1 - (-8 - -5)).
14
-6 + 7 - (5 + 3) - -12
5
What is the value of -9 + -8 +